[INFO] cloning repository https://github.com/sumproxy/tictactoe
[INFO] running `Command { std: "git" "-c" "credential.helper=" "-c" "credential.helper=/workspace/cargo-home/bin/git-credential-null" "clone" "--bare" "https://github.com/sumproxy/tictactoe" "/workspace/cache/git-repos/https%3A%2F%2Fgithub.com%2Fsumproxy%2Ftictactoe", kill_on_drop: false }`
[INFO] [stderr] Cloning into bare repository '/workspace/cache/git-repos/https%3A%2F%2Fgithub.com%2Fsumproxy%2Ftictactoe'...
[INFO] running `Command { std: "git" "rev-parse" "HEAD", kill_on_drop: false }`
[INFO] [stdout] e504e7ba1918210848c1ca217f7d44d5b840a281
[INFO] checking sumproxy/tictactoe against try#72f88fc4e9458f89516a0b8b0868f3718aec5b47 for pr-74989
[INFO] running `Command { std: "git" "clone" "/workspace/cache/git-repos/https%3A%2F%2Fgithub.com%2Fsumproxy%2Ftictactoe" "/workspace/builds/worker-1/source", kill_on_drop: false }`
[INFO] [stderr] Cloning into '/workspace/builds/worker-1/source'...
[INFO] [stderr] done.
[INFO] validating manifest of git repo https://github.com/sumproxy/tictactoe on toolchain 72f88fc4e9458f89516a0b8b0868f3718aec5b47
[INFO] running `Command { std: "/workspace/cargo-home/bin/cargo" "+72f88fc4e9458f89516a0b8b0868f3718aec5b47" "read-manifest" "--manifest-path" "Cargo.toml", kill_on_drop: false }`
[INFO] started tweaking git repo https://github.com/sumproxy/tictactoe
[INFO] finished tweaking git repo https://github.com/sumproxy/tictactoe
[INFO] tweaked toml for git repo https://github.com/sumproxy/tictactoe written to /workspace/builds/worker-1/source/Cargo.toml
[INFO] crate git repo https://github.com/sumproxy/tictactoe already has a lockfile, it will not be regenerated
[INFO] running `Command { std: "/workspace/cargo-home/bin/cargo" "+72f88fc4e9458f89516a0b8b0868f3718aec5b47" "fetch" "--locked" "--manifest-path" "Cargo.toml", kill_on_drop: false }`
[INFO] [stderr]  Downloading crates ...
[INFO] [stderr]   Downloaded gfx v0.12.1
[INFO] [stderr]   Downloaded serde_json v0.8.3
[INFO] [stderr]   Downloaded serde v0.8.19
[INFO] [stderr]   Downloaded glutin v0.6.2
[INFO] [stderr]   Downloaded jpeg-decoder v0.1.8
[INFO] [stderr]   Downloaded pistoncore-event_loop v0.26.0
[INFO] [stderr]   Downloaded pistoncore-window v0.23.0
[INFO] [stderr]   Downloaded pistoncore-input v0.14.0
[INFO] [stderr]   Downloaded gleam v0.2.24
[INFO] [stderr]   Downloaded pistoncore-glutin_window v0.31.0
[INFO] [stderr]   Downloaded piston_window v0.57.0
[INFO] [stderr]   Downloaded piston v0.26.0
[INFO] [stderr]   Downloaded piston2d-gfx_graphics v0.33.1
[INFO] running `Command { std: "docker" "create" "-v" "/var/lib/crater-agent-workspace/builds/worker-1/target:/opt/rustwide/target:rw,Z" "-v" "/var/lib/crater-agent-workspace/builds/worker-1/source:/opt/rustwide/workdir:ro,Z" "-v" "/var/lib/crater-agent-workspace/cargo-home:/opt/rustwide/cargo-home:ro,Z" "-v" "/var/lib/crater-agent-workspace/rustup-home:/opt/rustwide/rustup-home:ro,Z" "-e" "SOURCE_DIR=/opt/rustwide/workdir" "-e" "CARGO_TARGET_DIR=/opt/rustwide/target" "-e" "CARGO_HOME=/opt/rustwide/cargo-home" "-e" "RUSTUP_HOME=/opt/rustwide/rustup-home" "-w" "/opt/rustwide/workdir" "-m" "1610612736" "--user" "0:0" "--network" "none" "rustops/crates-build-env@sha256:d92eaeed33fa75130ca1ee6c8a01d1ffb62bac859dfdfb3450e3e5d1c0146529" "/opt/rustwide/cargo-home/bin/cargo" "+72f88fc4e9458f89516a0b8b0868f3718aec5b47" "metadata" "--no-deps" "--format-version=1", kill_on_drop: false }`
[INFO] [stdout] c1f99de4ad9a30617ccb8a9f77d9fe1d59f6a2469b0c445e617049e585674257
[INFO] [stderr] WARNING: Your kernel does not support swap limit capabilities or the cgroup is not mounted. Memory limited without swap.
[INFO] running `Command { std: "docker" "start" "-a" "c1f99de4ad9a30617ccb8a9f77d9fe1d59f6a2469b0c445e617049e585674257", kill_on_drop: false }`
[INFO] running `Command { std: "docker" "inspect" "c1f99de4ad9a30617ccb8a9f77d9fe1d59f6a2469b0c445e617049e585674257", kill_on_drop: false }`
[INFO] running `Command { std: "docker" "rm" "-f" "c1f99de4ad9a30617ccb8a9f77d9fe1d59f6a2469b0c445e617049e585674257", kill_on_drop: false }`
[INFO] [stdout] c1f99de4ad9a30617ccb8a9f77d9fe1d59f6a2469b0c445e617049e585674257
[INFO] running `Command { std: "docker" "create" "-v" "/var/lib/crater-agent-workspace/builds/worker-1/target:/opt/rustwide/target:rw,Z" "-v" "/var/lib/crater-agent-workspace/builds/worker-1/source:/opt/rustwide/workdir:ro,Z" "-v" "/var/lib/crater-agent-workspace/cargo-home:/opt/rustwide/cargo-home:ro,Z" "-v" "/var/lib/crater-agent-workspace/rustup-home:/opt/rustwide/rustup-home:ro,Z" "-e" "SOURCE_DIR=/opt/rustwide/workdir" "-e" "CARGO_TARGET_DIR=/opt/rustwide/target" "-e" "CARGO_INCREMENTAL=0" "-e" "RUST_BACKTRACE=full" "-e" "RUSTFLAGS=--cap-lints=forbid" "-e" "CARGO_HOME=/opt/rustwide/cargo-home" "-e" "RUSTUP_HOME=/opt/rustwide/rustup-home" "-w" "/opt/rustwide/workdir" "-m" "1610612736" "--user" "0:0" "--network" "none" "rustops/crates-build-env@sha256:d92eaeed33fa75130ca1ee6c8a01d1ffb62bac859dfdfb3450e3e5d1c0146529" "/opt/rustwide/cargo-home/bin/cargo" "+72f88fc4e9458f89516a0b8b0868f3718aec5b47" "check" "--frozen" "--all" "--all-targets" "--message-format=json", kill_on_drop: false }`
[INFO] [stdout] eef16511812675927d98576276237fc691743e8a38f6825ba53c3890d30b9d13
[INFO] [stderr] WARNING: Your kernel does not support swap limit capabilities or the cgroup is not mounted. Memory limited without swap.
[INFO] running `Command { std: "docker" "start" "-a" "eef16511812675927d98576276237fc691743e8a38f6825ba53c3890d30b9d13", kill_on_drop: false }`
[INFO] [stderr]    Compiling gcc v0.3.38
[INFO] [stderr]    Compiling pkg-config v0.3.8
[INFO] [stderr]    Compiling phf_shared v0.7.20
[INFO] [stderr]    Compiling libc v0.2.17
[INFO] [stderr]     Checking rustc-serialize v0.3.21
[INFO] [stderr]    Compiling itoa v0.1.1
[INFO] [stderr]    Compiling num-traits v0.1.36
[INFO] [stderr]    Compiling serde v0.8.19
[INFO] [stderr]    Compiling khronos_api v1.0.0
[INFO] [stderr]    Compiling dtoa v0.2.2
[INFO] [stderr]    Compiling log v0.3.6
[INFO] [stderr]     Checking piston-float v0.2.0
[INFO] [stderr]     Checking bitflags v0.6.0
[INFO] [stderr]     Checking matches v0.1.4
[INFO] [stderr]     Checking crossbeam v0.2.10
[INFO] [stderr]     Checking shader_version v0.2.1
[INFO] [stderr]     Checking odds v0.2.25
[INFO] [stderr]     Checking unicode-normalization v0.1.2
[INFO] [stderr]     Checking piston-texture v0.5.0
[INFO] [stderr]     Checking byteorder v0.4.2
[INFO] [stderr]     Checking cfg-if v0.1.0
[INFO] [stderr]     Checking read_color v0.1.0
[INFO] [stderr]     Checking linked-hash-map v0.0.10
[INFO] [stderr]     Checking interpolation v0.1.0
[INFO] [stderr]     Checking language-tags v0.2.2
[INFO] [stderr]     Checking httparse v1.2.0
[INFO] [stderr]     Checking traitobject v0.0.1
[INFO] [stderr]     Checking piston-shaders_graphics2d v0.2.1
[INFO] [stderr]     Checking typeable v0.1.2
[INFO] [stderr]     Checking bitflags v0.4.0
[INFO] [stderr]     Checking lazycell v0.4.0
[INFO] [stderr]     Checking slab v0.3.0
[INFO] [stderr]     Checking find_folder v0.3.0
[INFO] [stderr]     Checking rand v0.3.14
[INFO] [stderr]     Checking num_cpus v1.1.0
[INFO] [stderr]     Checking shared_library v0.1.5
[INFO] [stderr]    Compiling xml-rs v0.3.4
[INFO] [stderr]     Checking draw_state v0.6.0
[INFO] [stderr]     Checking piston-viewport v0.2.0
[INFO] [stderr]     Checking vecmath v0.2.0
[INFO] [stderr]    Compiling phf v0.7.20
[INFO] [stderr]     Checking unicode-bidi v0.2.3
[INFO] [stderr]     Checking hpack v0.2.0
[INFO] [stderr]     Checking mime v0.2.2
[INFO] [stderr]     Checking gif v0.9.0
[INFO] [stderr]     Checking net2 v0.2.26
[INFO] [stderr]     Checking stb_truetype v0.2.0
[INFO] [stderr]    Compiling tempfile v2.1.4
[INFO] [stderr]    Compiling unicase v1.4.0
[INFO] [stderr]    Compiling nix v0.7.0
[INFO] [stderr]     Checking nodrop v0.1.8
[INFO] [stderr]     Checking osmesa-sys v0.1.2
[INFO] [stderr]    Compiling openssl-sys v0.7.17
[INFO] [stderr]    Compiling x11-dl v2.11.0
[INFO] [stderr]     Checking solicit v0.4.4
[INFO] [stderr]     Checking piston2d-graphics v0.19.0
[INFO] [stderr]     Checking num v0.1.36
[INFO] [stderr]     Checking arrayvec v0.3.20
[INFO] [stderr]     Checking idna v0.1.0
[INFO] [stderr]     Checking gfx_core v0.4.0
[INFO] [stderr]     Checking time v0.1.35
[INFO] [stderr]     Checking fs2 v0.2.5
[INFO] [stderr]     Checking enum_primitive v0.1.0
[INFO] [stderr]    Compiling miniz-sys v0.1.7
[INFO] [stderr]    Compiling openssl-sys-extras v0.7.14
[INFO] [stderr]    Compiling openssl v0.7.14
[INFO] [stderr]     Checking memmap v0.2.3
[INFO] [stderr]     Checking deque v0.3.1
[INFO] [stderr]     Checking rusttype v0.2.1
[INFO] [stderr]    Compiling gl_generator v0.5.2
[INFO] [stderr]    Compiling wayland-scanner v0.5.11
[INFO] [stderr]    Compiling phf_generator v0.7.20
[INFO] [stderr]     Checking rayon v0.5.0
[INFO] [stderr] The following warnings were emitted during compilation:
[INFO] [stderr] 
[INFO] [stderr] warning: src/openssl_shim.c: In function 'DH_new_from_params':
[INFO] [stderr] warning: src/openssl_shim.c:132:7: error: dereferencing pointer to incomplete type 'DH' {aka 'struct dh_st'}
[INFO] [stderr] warning:   132 |     dh->p = p;
[INFO] [stderr] warning:       |       ^~
[INFO] [stderr] warning: src/openssl_shim.c: In function 'X509_get_extensions_shim':
[INFO] [stderr] warning: src/openssl_shim.c:143:13: error: dereferencing pointer to incomplete type 'X509' {aka 'struct x509_st'}
[INFO] [stderr] warning:   143 |     return x->cert_info ? x->cert_info->extensions : NULL;
[INFO] [stderr] warning:       |             ^~
[INFO] [stderr] 
[INFO] [stderr] error: failed to run custom build command for `openssl-sys-extras v0.7.14`
[INFO] [stderr] 
[INFO] [stderr] Caused by:
[INFO] [stderr]   process didn't exit successfully: `/opt/rustwide/target/debug/build/openssl-sys-extras-f7d00a9029ceb1ee/build-script-build` (exit code: 101)
[INFO] [stderr]   --- stdout
[INFO] [stderr]   TARGET = Some("x86_64-unknown-linux-gnu")
[INFO] [stderr]   OPT_LEVEL = Some("0")
[INFO] [stderr]   PROFILE = Some("debug")
[INFO] [stderr]   TARGET = Some("x86_64-unknown-linux-gnu")
[INFO] [stderr]   debug=true opt-level=0
[INFO] [stderr]   HOST = Some("x86_64-unknown-linux-gnu")
[INFO] [stderr]   TARGET = Some("x86_64-unknown-linux-gnu")
[INFO] [stderr]   TARGET = Some("x86_64-unknown-linux-gnu")
[INFO] [stderr]   HOST = Some("x86_64-unknown-linux-gnu")
[INFO] [stderr]   CC_x86_64-unknown-linux-gnu = None
[INFO] [stderr]   CC_x86_64_unknown_linux_gnu = None
[INFO] [stderr]   HOST_CC = None
[INFO] [stderr]   CC = None
[INFO] [stderr]   HOST = Some("x86_64-unknown-linux-gnu")
[INFO] [stderr]   TARGET = Some("x86_64-unknown-linux-gnu")
[INFO] [stderr]   HOST = Some("x86_64-unknown-linux-gnu")
[INFO] [stderr]   CFLAGS_x86_64-unknown-linux-gnu = None
[INFO] [stderr]   CFLAGS_x86_64_unknown_linux_gnu = None
[INFO] [stderr]   HOST_CFLAGS = None
[INFO] [stderr]   CFLAGS = None
[INFO] [stderr]   running: "cc" "-O0" "-ffunction-sections" "-fdata-sections" "-g" "-m64" "-fPIC" "-o" "/opt/rustwide/target/debug/build/openssl-sys-extras-ce28938a041cbdb0/out/src/openssl_shim.o" "-c" "src/openssl_shim.c"
[INFO] [stderr]   cargo:warning=src/openssl_shim.c: In function 'DH_new_from_params':
[INFO] [stderr]   cargo:warning=src/openssl_shim.c:132:7: error: dereferencing pointer to incomplete type 'DH' {aka 'struct dh_st'}
[INFO] [stderr]   cargo:warning=  132 |     dh->p = p;
[INFO] [stderr]   cargo:warning=      |       ^~
[INFO] [stderr]   cargo:warning=src/openssl_shim.c: In function 'X509_get_extensions_shim':
[INFO] [stderr]   cargo:warning=src/openssl_shim.c:143:13: error: dereferencing pointer to incomplete type 'X509' {aka 'struct x509_st'}
[INFO] [stderr]   cargo:warning=  143 |     return x->cert_info ? x->cert_info->extensions : NULL;
[INFO] [stderr]   cargo:warning=      |             ^~
[INFO] [stderr]   ExitStatus(ExitStatus(256))
[INFO] [stderr] 
[INFO] [stderr] 
[INFO] [stderr]   command did not execute successfully, got: exit code: 1
[INFO] [stderr] 
[INFO] [stderr] 
[INFO] [stderr] 
[INFO] [stderr]   --- stderr
[INFO] [stderr]   thread 'main' panicked at 'explicit panic', /opt/rustwide/cargo-home/registry/src/github.com-1ecc6299db9ec823/gcc-0.3.38/src/lib.rs:958:5
[INFO] [stderr]   stack backtrace:
[INFO] [stderr]      0:     0x561e8cb30290 - std::backtrace_rs::backtrace::libunwind::trace::h452faf99f32e7c93
[INFO] [stderr]                                  at /rustc/72f88fc4e9458f89516a0b8b0868f3718aec5b47/library/std/src/../../backtrace/src/backtrace/libunwind.rs:96
[INFO] [stderr]      1:     0x561e8cb30290 - std::backtrace_rs::backtrace::trace_unsynchronized::he40edc71437667a1
[INFO] [stderr]                                  at /rustc/72f88fc4e9458f89516a0b8b0868f3718aec5b47/library/std/src/../../backtrace/src/backtrace/mod.rs:66
[INFO] [stderr]      2:     0x561e8cb30290 - std::sys_common::backtrace::_print_fmt::h6c51d6ade71f46bf
[INFO] [stderr]                                  at /rustc/72f88fc4e9458f89516a0b8b0868f3718aec5b47/library/std/src/sys_common/backtrace.rs:79
[INFO] [stderr]      3:     0x561e8cb30290 - <std::sys_common::backtrace::_print::DisplayBacktrace as core::fmt::Display>::fmt::h3cd15d7003dec37a
[INFO] [stderr]                                  at /rustc/72f88fc4e9458f89516a0b8b0868f3718aec5b47/library/std/src/sys_common/backtrace.rs:58
[INFO] [stderr]      4:     0x561e8cb4f03c - core::fmt::write::h1857a60b204f1b6a
[INFO] [stderr]                                  at /rustc/72f88fc4e9458f89516a0b8b0868f3718aec5b47/library/core/src/fmt/mod.rs:1080
[INFO] [stderr]      5:     0x561e8cb2cc47 - std::io::Write::write_fmt::hac61caff894c35ae
[INFO] [stderr]                                  at /rustc/72f88fc4e9458f89516a0b8b0868f3718aec5b47/library/std/src/io/mod.rs:1517
[INFO] [stderr]      6:     0x561e8cb325a0 - std::sys_common::backtrace::_print::haa2f390fb7957e3e
[INFO] [stderr]                                  at /rustc/72f88fc4e9458f89516a0b8b0868f3718aec5b47/library/std/src/sys_common/backtrace.rs:61
[INFO] [stderr]      7:     0x561e8cb325a0 - std::sys_common::backtrace::print::h48c7cbbad9013bb1
[INFO] [stderr]                                  at /rustc/72f88fc4e9458f89516a0b8b0868f3718aec5b47/library/std/src/sys_common/backtrace.rs:48
[INFO] [stderr]      8:     0x561e8cb325a0 - std::panicking::default_hook::{{closure}}::h8b7ff05a31e71d55
[INFO] [stderr]                                  at /rustc/72f88fc4e9458f89516a0b8b0868f3718aec5b47/library/std/src/panicking.rs:208
[INFO] [stderr]      9:     0x561e8cb322ec - std::panicking::default_hook::h2f00c78800d98e4c
[INFO] [stderr]                                  at /rustc/72f88fc4e9458f89516a0b8b0868f3718aec5b47/library/std/src/panicking.rs:227
[INFO] [stderr]     10:     0x561e8cb32c03 - std::panicking::rust_panic_with_hook::h4eaa635e4694aef3
[INFO] [stderr]                                  at /rustc/72f88fc4e9458f89516a0b8b0868f3718aec5b47/library/std/src/panicking.rs:577
[INFO] [stderr]     11:     0x561e8cb0574c - std::panicking::begin_panic::{{closure}}::h9af543a79efee136
[INFO] [stderr]                                  at /rustc/72f88fc4e9458f89516a0b8b0868f3718aec5b47/library/std/src/panicking.rs:506
[INFO] [stderr]     12:     0x561e8cb0cc39 - std::sys_common::backtrace::__rust_end_short_backtrace::hccced68518521aa7
[INFO] [stderr]                                  at /rustc/72f88fc4e9458f89516a0b8b0868f3718aec5b47/library/std/src/sys_common/backtrace.rs:153
[INFO] [stderr]     13:     0x561e8cb05677 - std::panicking::begin_panic::h3a8f47389454c699
[INFO] [stderr]                                  at /rustc/72f88fc4e9458f89516a0b8b0868f3718aec5b47/library/std/src/panicking.rs:505
[INFO] [stderr]     14:     0x561e8caf3809 - gcc::fail::ha26bd525188144a9
[INFO] [stderr]                                  at /opt/rustwide/cargo-home/registry/src/github.com-1ecc6299db9ec823/gcc-0.3.38/src/lib.rs:958
[INFO] [stderr]     15:     0x561e8caf35ae - gcc::run::h23389ea46bc9e866
[INFO] [stderr]                                  at /opt/rustwide/cargo-home/registry/src/github.com-1ecc6299db9ec823/gcc-0.3.38/src/lib.rs:952
[INFO] [stderr]     16:     0x561e8caea237 - gcc::Config::compile_object::h5c7673ad730933e6
[INFO] [stderr]                                  at /opt/rustwide/cargo-home/registry/src/github.com-1ecc6299db9ec823/gcc-0.3.38/src/lib.rs:418
[INFO] [stderr]     17:     0x561e8cae9b47 - gcc::Config::compile_objects::h4a7a3ba8753c7f5f
[INFO] [stderr]                                  at /opt/rustwide/cargo-home/registry/src/github.com-1ecc6299db9ec823/gcc-0.3.38/src/lib.rs:388
[INFO] [stderr]     18:     0x561e8cae9176 - gcc::Config::compile::h1377062ab679c521
[INFO] [stderr]                                  at /opt/rustwide/cargo-home/registry/src/github.com-1ecc6299db9ec823/gcc-0.3.38/src/lib.rs:353
[INFO] [stderr]     19:     0x561e8cae5454 - build_script_build::main::h51d812f763ab5d89
[INFO] [stderr]                                  at /opt/rustwide/cargo-home/registry/src/github.com-1ecc6299db9ec823/openssl-sys-extras-0.7.14/build.rs:19
[INFO] [stderr]     20:     0x561e8cae79eb - core::ops::function::FnOnce::call_once::hcf298d8168d63c6d
[INFO] [stderr]                                  at /rustc/72f88fc4e9458f89516a0b8b0868f3718aec5b47/library/core/src/ops/function.rs:227
[INFO] [stderr]     21:     0x561e8cae6ede - std::sys_common::backtrace::__rust_begin_short_backtrace::h2c13d20cb9856537
[INFO] [stderr]                                  at /rustc/72f88fc4e9458f89516a0b8b0868f3718aec5b47/library/std/src/sys_common/backtrace.rs:137
[INFO] [stderr]     22:     0x561e8cae7c91 - std::rt::lang_start::{{closure}}::h94a635afbbb353ab
[INFO] [stderr]                                  at /rustc/72f88fc4e9458f89516a0b8b0868f3718aec5b47/library/std/src/rt.rs:66
[INFO] [stderr]     23:     0x561e8cb33001 - core::ops::function::impls::<impl core::ops::function::FnOnce<A> for &F>::call_once::hecc21eb9018cc197
[INFO] [stderr]                                  at /rustc/72f88fc4e9458f89516a0b8b0868f3718aec5b47/library/core/src/ops/function.rs:259
[INFO] [stderr]     24:     0x561e8cb33001 - std::panicking::try::do_call::h174ad655d084b5c7
[INFO] [stderr]                                  at /rustc/72f88fc4e9458f89516a0b8b0868f3718aec5b47/library/std/src/panicking.rs:381
[INFO] [stderr]     25:     0x561e8cb33001 - std::panicking::try::h479e6054ce28de10
[INFO] [stderr]                                  at /rustc/72f88fc4e9458f89516a0b8b0868f3718aec5b47/library/std/src/panicking.rs:345
[INFO] [stderr]     26:     0x561e8cb33001 - std::panic::catch_unwind::hb558ddea2b3e9c45
[INFO] [stderr]                                  at /rustc/72f88fc4e9458f89516a0b8b0868f3718aec5b47/library/std/src/panic.rs:382
[INFO] [stderr]     27:     0x561e8cb33001 - std::rt::lang_start_internal::h163149047f0a8b61
[INFO] [stderr]                                  at /rustc/72f88fc4e9458f89516a0b8b0868f3718aec5b47/library/std/src/rt.rs:51
[INFO] [stderr]     28:     0x561e8cae7c67 - std::rt::lang_start::h309f7a0ad415eac8
[INFO] [stderr]                                  at /rustc/72f88fc4e9458f89516a0b8b0868f3718aec5b47/library/std/src/rt.rs:65
[INFO] [stderr]     29:     0x561e8cae671a - main
[INFO] [stderr]     30:     0x7fd1951d30b3 - __libc_start_main
[INFO] [stderr]     31:     0x561e8cae50be - _start
[INFO] [stderr]     32:                0x0 - <unknown>
[INFO] [stderr] warning: build failed, waiting for other jobs to finish...
[INFO] [stdout] error[E0311]: the parameter type `K` may not live long enough
[INFO] [stdout]   --> /opt/rustwide/cargo-home/registry/src/github.com-1ecc6299db9ec823/rusttype-0.2.1/src/support/bst/map.rs:81:19
[INFO] [stdout]    |
[INFO] [stdout] 81 |             match node.force() {
[INFO] [stdout]    |                   ^^^^
[INFO] [stdout]    |
[INFO] [stdout] note: the parameter type `K` must be valid for the anonymous lifetime #1 defined on the function body at 77:9...
[INFO] [stdout]   --> /opt/rustwide/cargo-home/registry/src/github.com-1ecc6299db9ec823/rusttype-0.2.1/src/support/bst/map.rs:77:9
[INFO] [stdout]    |
[INFO] [stdout] 77 | /         fn clone_subtree<K: Clone, V: Clone>(
[INFO] [stdout] 78 | |                 node: node::NodeRef<marker::Immut, K, V, marker::LeafOrInternal>)
[INFO] [stdout] 79 | |                 -> BTreeMap<K, V> {
[INFO] [stdout]    | |_________________________________^
[INFO] [stdout] 
[INFO] [stdout] 
[INFO] [stdout] error[E0311]: the parameter type `V` may not live long enough
[INFO] [stdout]   --> /opt/rustwide/cargo-home/registry/src/github.com-1ecc6299db9ec823/rusttype-0.2.1/src/support/bst/map.rs:81:19
[INFO] [stdout]    |
[INFO] [stdout] 81 |             match node.force() {
[INFO] [stdout]    |                   ^^^^
[INFO] [stdout]    |
[INFO] [stdout] note: the parameter type `V` must be valid for the anonymous lifetime #1 defined on the function body at 77:9...
[INFO] [stdout]   --> /opt/rustwide/cargo-home/registry/src/github.com-1ecc6299db9ec823/rusttype-0.2.1/src/support/bst/map.rs:77:9
[INFO] [stdout]    |
[INFO] [stdout] 77 | /         fn clone_subtree<K: Clone, V: Clone>(
[INFO] [stdout] 78 | |                 node: node::NodeRef<marker::Immut, K, V, marker::LeafOrInternal>)
[INFO] [stdout] 79 | |                 -> BTreeMap<K, V> {
[INFO] [stdout]    | |_________________________________^
[INFO] [stdout] 
[INFO] [stdout] 
[INFO] [stdout] error: aborting due to 2 previous errors
[INFO] [stdout] 
[INFO] [stdout] 
[INFO] [stderr] error: build failed
[INFO] running `Command { std: "docker" "inspect" "eef16511812675927d98576276237fc691743e8a38f6825ba53c3890d30b9d13", kill_on_drop: false }`
[INFO] running `Command { std: "docker" "rm" "-f" "eef16511812675927d98576276237fc691743e8a38f6825ba53c3890d30b9d13", kill_on_drop: false }`
[INFO] [stdout] eef16511812675927d98576276237fc691743e8a38f6825ba53c3890d30b9d13
